 Suppose 4*g = 5*c - 22751, -g = 4*c + 4*g - s. Is c a composite number?
False
Let u = -12329 + 23402. Is u*((-33)/9)/(-11) a composite number?
False
Let f(u) = -u**2 - 4*u + 2. Let g be f(-3). Let r be (17/(-5))/((-1)/g). Let d(n) = 3*n**2 - 37*n + 13. Is d(r) a prime number?
True
Let m be 2/(-3) - (-80)/(-6). Let o(j) = 5 - 4*j**2 + 19*j**2 + 5*j + 4*j**3 + 3*j - 3*j**3. Is o(m) composite?
False
Suppose 0 = -5*s - 5, -4 = 2*u - 2*s - 32. Let l = 2841 - 2329. Let n = l - u. Is n composite?
False
Suppose r + 102 = c, 0 = 3*c + 4*r - 87 - 233. Suppose 4*p + y = -c, 0*y = 2*y. Is 2/4 + (-19201)/p a prime number?
True
Let r(h) = -11524*h - 1335. Is r(-7) prime?
True
Let z(h) = h**3 + 2*h**2 + 2*h - 2. Let f = -361 + 370. Is z(f) a prime number?
True
Let p(h) = -h**3 + 42*h**2 - 17*h + 100. Let u be p(31). Let o = u - 2903. Is o composite?
True
Suppose -3*x = 3*x - 84. Suppose 5*s = 4*y - 104744, 16*s - x*s = 8. Is y composite?
True
Let f = 2637 - 1280. Let i = f + -620. Is i a composite number?
True
Let f(a) = 550*a**2 - 6*a - 1. Let y be f(2). Let x be 2/(-11) - y/11. Let p = 240 - x. Is p composite?
False
Suppose -109*s + 114*s = 4*h + 767113, 5*h + 920536 = 6*s. Is s a prime number?
True
Let x(b) = 47537*b - 1898. Is x(3) a prime number?
False
Let y(f) = -f - 21. Let b be y(1). Is (-17 - b)*(-8138)/(-10) a prime number?
False
Let q = -92 - -125. Suppose 5*y = -q + 43. Is 11964/8*-5*y/(-15) prime?
True
Let s = -949109 - -1350144. Is s a prime number?
False
Let c(r) = 162284*r**2 - 27*r + 2. Is c(1) a prime number?
False
Suppose 2*l - 3810 = -2*t, 3*l + 2*t - 5709 = -3*t. Suppose -d - 15072 = -l. Is (d/18)/(2/(-3)) composite?
False
Let k be (-2)/(-4)*(5 - -9)*1. Let g(f) = f + k*f**2 - 5 - 5 + 6 + f**3. Is g(-6) a prime number?
False
Let o(c) be the second derivative of 211*c**3/6 + 91*c**2/2 + 31*c. Is o(6) a prime number?
False
Suppose 0 = -4*c + 9 + 3. Let z be ((-5)/(-10))/((-7)/(-70)). Suppose -1057 = -z*h - 5*f + 598, f = -c*h + 1001. Is h a prime number?
False
Suppose 3*r = 2*y - 39, -8*y + 5*y - 5*r + 30 = 0. Let o be (17 - y) + 2*617. Let h = o + -347. Is h composite?
True
Let z = 10 - -336. Suppose -135 = 4*a - 2*b + 147, -5*a = 4*b + z. Is (-2)/7 + (-25360)/a a prime number?
False
Suppose -2*s = -2*b + 6053 + 2459, 2*b = -2*s + 8524. Let j = 1651 - b. Let c = -1599 - j. Is c a composite number?
False
Suppose -20 = -4*o, 3*z + 11851 = 5*o + 29757. Let f = -1886 + z. Is f a composite number?
False
Let v = -71 + 76. Suppose -3*r = v*g - 29414, 3*g = -g - 4*r + 23528. Suppose 12*d = 8*d + g. Is d a prime number?
True
Let b be 1870/33 + 2/(-3). Suppose -2*t = -0*t + b. Let a = 78 - t. Is a composite?
True
Is 5/15 - (-12)/18 - -48954 a prime number?
False
Let f = 56 - 155. Let j = 1082 + f. Is j a composite number?
False
Suppose 594 = 71*w - 65*w. Let j = w - 25. Suppose -3*h - 2*f - j = -601, -3*h + 522 = 3*f. Is h composite?
False
Let j(n) = n**2 - 8*n - 2. Let o be j(8). Let r be 227587 + (-1 - o) + 4. Is 1/(-5) - r/(-60) prime?
True
Suppose 23*i = 20*i - 6. Let n(l) = -927*l**3 + 2*l**2 + 4*l + 5. Let o be n(i). Suppose -7*a + 7286 = -o. Is a prime?
False
Let c be 3*(-36)/(-27)*(-1)/2. Let a(u) = 638*u**2 + 9*u - 3. Is a(c) composite?
False
Is (6 - 1) + 31/(403/2263716) a composite number?
False
Let c(l) = l**3 + 26*l**2 + 50*l + 48. Let g be c(-24). Is (g + 1)/(15/45735) a composite number?
False
Suppose 21*j = -40*j + 44433268 - 18233951. Is j prime?
True
Let l(w) = -w**2 + 19*w + 4. Let d be l(19). Suppose 0 = -g + 4*h + 252 + 34, 512 = 2*g + d*h. Is g/((-1 - -2 - 0)*2) a composite number?
True
Let y(x) = x**3 - 6*x**2 - 6*x - 2. Let s be -4 - -4 - 1*(1 - 8). Let p be y(s). Suppose -2225 = -5*m - 2*k, 2*m + m = p*k + 1335. Is m composite?
True
Let v(p) = 15*p**2 - 7*p + 7. Suppose 5*y - 3*g = 238, -4*y - y - 4*g + 231 = 0. Suppose -y = -5*q - 4*i + 19, 3*i = -2*q + 32. Is v(q) a prime number?
False
Suppose 50*a - 18483770 = -140*a. Is a a prime number?
True
Suppose 0 = -5*y + 6*y - 1. Let m be (-1 - 1/1)*(-7)/y. Let w(f) = f**3 - 4*f**2 - 8*f - 13. Is w(m) prime?
False
Let z = -74885 + 111924. Is z composite?
False
Let z = -156527 - -273316. Is z a composite number?
False
Let s(o) = -614*o + 35. Suppose -4*v - 33 = 2*t - 5*t, 5*t - 11 = 3*v. Is s(v) prime?
False
Let a be (-4179)/(-9)*(9 + (-2 - 1)). Suppose 2567 = m + i - a, 0 = 4*m - 2*i - 21436. Is m a composite number?
True
Let d(y) = -8*y**3 + 6*y**2 + 8*y - 12. Let o(l) = 8*l**3 - 6*l**2 - 8*l + 13. Let z(v) = 6*d(v) + 5*o(v). Is z(-8) prime?
True
Let p(q) = -9713*q + 39. Is p(-4) prime?
True
Let w(d) = d**2 + 6*d + 1. Let h be w(-6). Let c(l) = 10*l**3 - l**2. Let i be c(h). Is 3220/i - 28/(-126) a composite number?
True
Let z = -18886 + 27404. Suppose 4*n + 3396 = 2*y, z = -y + 6*y - 3*n. Suppose -y = -3*o + 4753. Is o a composite number?
False
Is (-4244134)/(-32) + (-507)/2704 prime?
False
Suppose g - 418175 = -3*m, -5*m - g + 4*g + 696949 = 0. Is m prime?
False
Suppose 3*j - 389 = -h, j - 102*h = -103*h + 131. Is j composite?
True
Let v(u) = -10*u**2 + 5*u - 4. Let r be v(1). Let p be ((-21)/r)/(-7)*-61782. Suppose p = 6*f - 15808. Is f prime?
True
Suppose x = -4*s + 785869, -5*s - 2700575 = -3*x - 343019. Is x prime?
True
Suppose 5*w = 5*x - 30, -3*x - 2*x + 36 = -2*w. Let i(a) = -20*a + x + 23 - 107*a. Is i(-16) prime?
True
Let u(h) be the first derivative of h**4/4 - 8*h**3/3 + h**2 - 7*h + 10. Let s be u(7). Let m = 95 + s. Is m a composite number?
False
Suppose -21*y - 3 = -20*y, -3067024 = -5*z + 3*y. Is z a composite number?
True
Let w be 36/(-162) - 184088/(-9). Let t = -5393 + w. Is t prime?
True
Let k be (-3)/(-6 + (-105)/(-20)). Suppose 5*r = k*r + 4349. Is r a prime number?
True
Let z(p) = 672*p**2 - 15*p + 18. Let q be z(5). Is (-2 - -5)/(9/q) a composite number?
False
Let q(d) = -d**3 - 104*d**2 - 50*d + 5262. Is q(-115) a composite number?
False
Let w = -65 + 67. Let o(f) be the third derivative of 26*f**4/3 - f**3/2 - f**2 + 2*f. Is o(w) prime?
False
Suppose 4*j = -2*j + 12. Suppose -2*w = 4*x - 1808, j*w - 4*x - 1799 = x. Is w/1*14/28 a prime number?
False
Suppose -8716172 + 4730250 = -51*s + 7295635. Is s a prime number?
False
Suppose -28*k + 22*k = -23*k + 7138657. Is k composite?
False
Suppose -5*u - w + 424025 = 0, 4*w + 1017692 = -u + 13*u. Is u composite?
True
Suppose -j + 462295 = -2*r, 5*r - 9264 = -j + 453031. Is j prime?
False
Is (6 - 124)/((-78)/260247) prime?
False
Let u be ((-1488)/18)/(2 - 15/9). Let f be (2 - u)/((-8)/64). Let z = f + 3391. Is z a prime number?
False
Suppose 30 = n - 4*n - 3*d, 2*n + 8 = 4*d. Let j be 478334/7 + 6/(-84)*n. Is 1 + (-18)/14 - j/(-98) a prime number?
False
Let h be 18/(-4)*(-15364)/207. Let n(j) = j**3 - 12*j**2 - 17*j - 8. Let g be n(13). Let k = g + h. Is k prime?
False
Let x(v) = -22*v - 23*v**2 + 20*v**2 + v**3 - 40 - 11*v**2 + 10. Let f be x(19). Let u = -964 + f. Is u a composite number?
True
Let f(o) be the first derivative of -47*o**2/2 + 6*o + 55. Is f(-19) composite?
True
Let k(l) = -14*l - 54. Let r be k(-4). Is ((-3)/r)/((-6)/78956) a composite number?
False
Let u = 113 + -112. Let h be 2 + 1 + u + 1. Suppose 1759 = -h*i - 5*q + 5439, 3*q - 6 = 0. Is i prime?
False
Let u be ((-10)/(-6))/(3/(-9)) - -25. Suppose u*x = 37626 + 8794. Is x prime?
False
Let u(d) = 9576*d + 27. Let n be u(10). Suppose 5*v - n = w, 2*v + 4*w = -3214 + 41520. Is v a composite number?
False
Suppose 19315859 = 100*s - 34747653 + 5777812. Is s composite?
True
Let u = 208 - 218. Is (-1657)/(18/45 - (-14)/u) prime?
True
Let m(n) be the third derivative of 1/6*n**3 - 20*n**2 + 1/30*n**5 + 0*n + 0*n**4 + 1/3*n**6 + 0. Is m(2) a composite number?
True
Suppose -13*r + 26*r - 609393 = 709184. Is r composite?
False
Is 7 + (32253 - (-5 - -8)) prime?
True
Let f be 3 + (-1)/((6/(-2))/(-3)). Is (-6 - 2147)*(-10)/f a prime number?
False
Let z(x) = x**3 + 7*x**2 - 5*x - 12. Let l be z(-8). Let g = l + 39. Suppose g*r = -0*r - 3*y + 1245, -830 = -2*r + y. Is r a prime number?
False
Let r(a) = 20*a**2 - 3*a + 9. Let i(p) = p**2 + 4*p + 3. Let l be i(-4). Suppose l*d - 3*w = 5 - 2, 0 = 2*w - 6. Is r(d) composite?
False
Let x = 165 + -174. Let h be (-4 - (-4 + 3)) + 1. Is 36/x - (h + -261) prime?
False
Suppose l = 5*t - 76, 0 = -3*t - l + 12 